est common divisor of 539 and 12593?
49
What is the highest common divisor of 10696 and 364?
28
Calculate the highest common factor of 178872 and 2313.
771
What is the highest common factor of 33 and 12892?
11
Calculate the highest common factor of 10129680 and 660.
660
Calculate the greatest common divisor of 360921 and 2343.
33
What is the greatest common divisor of 219045 and 2805?
255
What is the highest common factor of 2100 and 2299150?
350
What is the highest common factor of 68 and 153425?
17
What is the highest common factor of 7980 and 260?
20
What is the highest common divisor of 9680 and 1680085?
605
Calculate the greatest common factor of 23400 and 350.
50
Calculate the greatest common divisor of 49520 and 8.
8
What is the greatest common factor of 681582 and 2277?
759
Calculate the greatest common divisor of 254386 and 4774.
682
Calculate the highest common divisor of 4284 and 748.
68
Calculate the greatest common divisor of 51750 and 15.
15
Calculate the highest common factor of 1345698 and 18.
18
What is the greatest common divisor of 31887 and 108?
27
Calculate the greatest common factor of 68 and 7144012.
68
Calculate the highest common factor of 7770 and 2349648.
1554
What is the highest common factor of 1670 and 8270?
10
Calculate the highest common divisor of 5684 and 672.
28
What is the highest common divisor of 34221 and 1326?
51
What is the greatest common factor of 10561 and 537?
179
Calculate the greatest common factor of 4771 and 10643.
367
Calculate the highest common factor of 145864 and 8.
8
What is the greatest common factor of 1535472 and 3?
3
What is the highest common divisor of 4192 and 786?
262
Calculate the greatest common divisor of 1853 and 46979.
109
Calculate the highest common divisor of 231 and 798875.
77
Calculate the greatest common factor of 292 and 41318.
146
Calculate the highest common divisor of 9621 and 597571.
1069
Calculate the highest common factor of 372 and 1670156.
124
Calculate the highest common divisor of 292350 and 450.
150
What is the highest common factor of 60759 and 1548?
387
What is the highest common factor of 38178 and 103194?
378
What is the greatest common factor of 752 and 58186?
94
What is the highest common factor of 36 and 22432?
4
Calculate the greatest common factor of 5948722 and 26.
26
Calculate the highest common factor of 3009 and 1578722.
1003
Calculate the highest common factor of 259980 and 840.
420
What is the highest common factor of 250896 and 192?
48
What is the greatest common factor of 77808 and 48?
48
What is the highest common divisor of 171 and 2648?
1
Calculate the highest common factor of 1517334 and 6.
6
Calculate the greatest common divisor of 6 and 571368.
6
Calculate the greatest common divisor of 9272 and 63928.
488
Calculate the greatest common divisor of 200 and 18475.
25
What is the greatest common divisor of 416908 and 68?
68
What is the highest common divisor of 8046 and 108?
54
Calculate the highest common divisor of 1952 and 84128.
32
What is the greatest common divisor of 2178 and 12826?
242
Calculate the highest common divisor of 583 and 935.
11
Calculate the highest common factor of 105 and 245.
35
Calculate the highest common factor of 10442 and 681.
227
Calculate the highest common divisor of 18918522 and 166.
166
Calculate the highest common factor of 1222 and 766382.
94
What is the greatest common divisor of 4864 and 1432?
8
Calculate the greatest common factor of 17946 and 162.
18
What is the greatest common factor of 3668 and 36092?
28
Calculate the greatest common factor of 58 and 509704.
58
Calculate the greatest common divisor of 27 and 14049.
9
What is the highest common factor of 589 and 246791?
589
What is the greatest common divisor of 23193 and 14603?
859
Calculate the greatest common factor of 121940 and 8.
4
What is the highest common factor of 60379 and 484?
121
Calculate the highest common factor of 23 and 5589.
23
What is the highest common divisor of 64032 and 37950?
138
Calculate the greatest common divisor of 952 and 122416.
56
Calculate the greatest common divisor of 189544 and 344.
344
Calculate the greatest common factor of 147131 and 23.
23
What is the highest common divisor of 444963 and 3984?
249
What is the highest common factor of 5019 and 73101?
21
What is the greatest common factor of 10 and 71070?
10
Calculate the highest common factor of 520 and 2691.
13
What is the greatest common factor of 1232 and 2320472?
616
What is the greatest common factor of 37673 and 101?
101
What is the highest common factor of 41 and 1373?
1
Calculate the highest common divisor of 316548 and 864.
108
What is the greatest common divisor of 298374 and 1784?
446
Calculate the greatest common factor of 80 and 84912.
16
What is the greatest common factor of 400 and 24518800?
400
What is the highest common divisor of 98103 and 1431?
159
What is the greatest common divisor of 403249 and 77?
77
Calculate the highest common factor of 233585 and 620.
155
Calculate the highest common divisor of 10769 and 5324.
121
Calculate the greatest common divisor of 1000 and 12520.
40
What is the greatest common divisor of 148 and 384023?
37
Calculate the highest common factor of 2380 and 5508.
68
Calculate the greatest common factor of 329 and 6439.
47
What is the highest common divisor of 8234 and 1173?
23
Calculate the highest common divisor of 126687 and 2904.
363
Calculate the greatest common factor of 404 and 1362692.
404
What is the highest common divisor of 8084 and 24596?
172
Calculate the highest common factor of 494114 and 38.
38
Calculate the greatest common divisor of 294 and 79.
1
Calculate the highest common divisor of 209377 and 49.
49
What is the greatest common divisor of 162630 and 39?
39
Calculate the highest common divisor of 15200 and 742400.
800
What is the highest common divisor of 6853 and 384747?
979
Calculate the highest common divisor of 11675538 and 21.
21
Calculate the highest common divisor of 651 and 390817.
217
Calculate the greatest common divisor of 5243 and 784.
49
Calculate the highest common divisor of 20 and 7640530.
10
Calculate the greatest common divisor of 130810 and 17510.
1030
Calculate the greatest common factor of 5579 and 112.
7
What is the greatest common factor of 1763 and 1025?
41
Calculate the greatest common factor of 823 and 52.
1
Calculate the greatest common divisor of 9 and 381.
3
What is the greatest common divisor of 493 and 1769?
29
Calculate the greatest common divisor of 1992612 and 6.
6
Calculate the greatest common divisor of 119 and 296548.
119
What is the greatest common factor of 13755 and 560?
35
Calculate the greatest common divisor of 1202643 and 468.
117
What is the highest common divisor of 91 and 768092?
13
What is the greatest common divisor of 21 and 15441?
3
Calculate the greatest common divisor of 55264 and 352.
352
What is the highest common divisor of 2511 and 21979?
31
What is the highest common divisor of 1283150 and 880?
110
What is the highest common factor of 174780 and 1092?
12
Calculate the greatest common divisor of 130148 and 184.
4
What is the greatest common divisor of 7304 and 1213377?
913
What is the highest common divisor of 44 and 2128643?
11
Calculate the greatest common factor of 13224 and 55176.
456
What is the highest common factor of 2987 and 28943?
103
What is the greatest common factor of 943 and 779?
41
Calculate the highest common factor of 492 and 4047807.
123
What is the highest common divisor of 685292 and 3556?
508
What is the highest common factor of 6554 and 116?
58
What is the greatest common divisor of 77112 and 1944?
648
What is the greatest common factor of 346611 and 62?
31
What is the highest common divisor of 346 and 46537?
173
What is the greatest common divisor of 22 and 3729?
11
What is the greatest common divisor of 716 and 50524?
4
Calculate the greatest common factor of 996 and 360120.
12
What is the highest common factor of 28 and 342356?
28
What is the greatest common divisor of 3310447 and 7?
7
What is the greatest common divisor of 848 and 20299?
53
Calculate the highest common factor of 1188 and 4632309.
297
What is the greatest common divisor of 11180 and 4420?
260
Calculate the greatest common factor of 504 and 1397